culate the greatest common factor of 99 and 2601.
9
Calculate the highest common factor of 10875 and 1500.
375
Calculate the greatest common factor of 120036 and 840.
84
What is the highest common divisor of 51 and 78625?
17
What is the highest common factor of 125775 and 10075?
325
Calculate the highest common divisor of 17034 and 918.
102
What is the greatest common factor of 8256 and 3108?
12
Calculate the highest common factor of 51 and 130101.
51
Calculate the greatest common factor of 34 and 213996.
34
What is the greatest common divisor of 40 and 45865?
5
What is the highest common factor of 471816 and 36?
36
Calculate the highest common factor of 13113 and 151434.
423
Calculate the highest common divisor of 82180 and 2660.
140
What is the highest common factor of 56715 and 61690?
995
Calculate the greatest common factor of 34914 and 966.
138
What is the highest common divisor of 777 and 4578?
21
What is the highest common divisor of 6080 and 18943?
19
What is the highest common divisor of 57 and 146243?
19
What is the highest common divisor of 56748 and 12?
12
What is the greatest common factor of 150 and 20190?
30
Calculate the highest common factor of 27 and 15201.
27
Calculate the highest common divisor of 440 and 169180.
220
Calculate the greatest common divisor of 198 and 450351.
99
What is the greatest common divisor of 46826 and 416?
26
Calculate the greatest common factor of 3084 and 48.
12
What is the greatest common factor of 230546 and 266?
38
What is the greatest common factor of 2497005 and 140?
35
What is the highest common divisor of 14712 and 54?
6
What is the highest common divisor of 1715 and 224?
7
What is the greatest common factor of 189214 and 534?
178
What is the greatest common divisor of 54108 and 21376?
668
What is the highest common divisor of 14634 and 378?
54
What is the highest common factor of 10560 and 10032?
528
What is the greatest common divisor of 175790 and 5?
5
What is the greatest common divisor of 71375 and 175?
25
Calculate the greatest common divisor of 1052 and 185678.
526
Calculate the greatest common factor of 27440 and 6720.
560
What is the greatest common factor of 818 and 4499?
409
Calculate the greatest common divisor of 4260 and 65462.
142
What is the greatest common factor of 261300 and 48?
12
Calculate the greatest common factor of 1000 and 440.
40
Calculate the greatest common factor of 37 and 1073333.
37
What is the greatest common factor of 236 and 13334?
118
Calculate the highest common factor of 2877438 and 87.
87
What is the highest common divisor of 15 and 8285?
5
Calculate the greatest common divisor of 160 and 53930.
10
Calculate the greatest common factor of 3550 and 13550.
50
What is the greatest common divisor of 29937 and 25241?
587
Calculate the greatest common factor of 264 and 387816.
264
What is the greatest common factor of 225184 and 416?
32
What is the highest common divisor of 74537 and 1121?
19
What is the greatest common factor of 55 and 60335?
55
Calculate the greatest common divisor of 546336 and 3168.
288
Calculate the highest common factor of 9139 and 404521.
481
Calculate the highest common divisor of 167083 and 28.
7
What is the highest common divisor of 196 and 165179?
49
Calculate the highest common divisor of 2922 and 102.
6
What is the greatest common factor of 11322 and 296?
74
Calculate the greatest common factor of 19312 and 7668.
284
Calculate the greatest common factor of 192 and 804288.
192
What is the greatest common divisor of 732 and 545096?
244
Calculate the highest common factor of 27 and 65643.
3
Calculate the highest common divisor of 476 and 84014.
238
Calculate the greatest common divisor of 2305013 and 34.
17
Calculate the greatest common divisor of 222 and 14541.
111
Calculate the greatest common factor of 539 and 82291.
11
What is the greatest common factor of 54 and 601782?
6
Calculate the greatest common divisor of 2872705 and 209.
209
Calculate the greatest common factor of 22 and 365717.
11
Calculate the highest common divisor of 95500 and 7500.
500
Calculate the highest common factor of 1515 and 255732.
303
What is the greatest common divisor of 5008 and 1360?
16
Calculate the greatest common factor of 27 and 96552.
27
What is the greatest common divisor of 3774 and 14060?
74
What is the greatest common factor of 6 and 30054?
6
What is the greatest common divisor of 649 and 3009?
59
Calculate the highest common divisor of 94166 and 1912.
478
What is the highest common divisor of 45405 and 15?
15
Calculate the highest common divisor of 177730 and 70.
70
What is the greatest common divisor of 2277 and 4738?
23
Calculate the greatest common divisor of 299 and 4079257.
299
Calculate the highest common factor of 12 and 24681.
3
Calculate the greatest common factor of 131931 and 5671.
107
What is the greatest common factor of 3823316 and 28?
28
Calculate the greatest common factor of 8486 and 122.
2
What is the greatest common divisor of 4362 and 12414?
6
What is the greatest common factor of 863109 and 18?
9
Calculate the greatest common divisor of 160 and 26592.
32
What is the greatest common divisor of 6095 and 12349?
53
What is the greatest common factor of 5 and 2924?
1
What is the highest common factor of 12900 and 24?
12
What is the highest common factor of 232 and 1212200?
232
Calculate the highest common factor of 24144 and 155427.
1509
Calculate the greatest common factor of 2005 and 12713705.
2005
What is the highest common factor of 656110 and 315?
35
Calculate the greatest common divisor of 1908 and 1329452.
212
What is the highest common factor of 47253 and 9861?
57
Calculate the greatest common divisor of 77280 and 150.
30
Calculate the greatest common divisor of 1800659 and 427.
427
Calculate the highest common factor of 889185 and 951.
951
Calculate the highest common divisor of 24060 and 22080.
60
What is the highest common divisor of 2912 and 2860?
52
Calculate the greatest common divisor of 1739 and 6862.
47
Calculate the greatest common divisor of 4491 and 549.
9
What is the greatest common factor of 192 and 296160?
96
What is the greatest common divisor of 15876 and 16?
4
What is the greatest common divisor of 17 and 1441?
1
Calculate the greatest common factor of 660 and 852.
12
What is the greatest common divisor of 17154 and 43074?
18
What is the highest common divisor of 80941 and 8897?
217
Calculate the highest common divisor of 65251 and 23.
23
Calculate the highest common factor of 81892 and 73564.
1388
What is the highest common factor of 1242 and 65502?
54
Calculate the highest common factor of 1022 and 20720.
14
Calculate the highest common divisor of 90468 and 359.
359
What is the greatest common divisor of 80 and 56272?
16
Calculate the highest common divisor of 3135 and 1584.
33
Calculate the greatest common divisor of 754 and 2522.
26
What is the greatest common factor of 21721 and 2030?
203
What is the greatest common divisor of 14070 and 147?
21
Calculate the greatest common factor of 12 and 299308.
4
What is the greatest common factor of 88421 and 58?
29
Calculate the highest common factor of 18 and 4918.
2
What is the highest common factor of 11 and 338074?
11
What is the greatest common factor of 21587 and 3?
1
Calculate the greatest common divisor of 149140 and 60.
20
Calculate the greatest common factor of 676 and 159029.
169
What is the highest common factor of 2292 and 12552?
12
Calculate the greatest common factor of 47 and 71.
1
Calculate the highest common divisor of 15379 and 7371.
91
What is the greatest common factor of 56 and 60746?
14
Calculate the greatest common factor of 20967 and 25491.
87
What is the highest common divisor of 297 and 397683?
297
Calculate the greatest common factor of 191828 and 11900.
476
Calculate the greatest common divisor of 93392 and 1144.
104
What is the highest common factor of 816678 and 4779?
531
Calculate the greatest common factor of 7242 and 544.
34
Calculate the greatest common factor of 287780 and 40.
20
What is the highest common factor of 146376 and 4280?
856
Calculate the greatest common factor of 120 and 204900.
60
What is the highest common divisor of 110 and 21780?
110
Calculate the highest common divisor of 387 and 105.
3
Calculate the